 is the units digit of 22315?
5
What is the hundreds digit of 23173?
1
What is the hundreds digit of 3330?
3
What is the tens digit of 131288?
8
What is the tens digit of 42678?
7
What is the units digit of 26246?
6
What is the units digit of 504?
4
What is the tens digit of 982?
8
What is the thousands digit of 1383?
1
What is the ten thousands digit of 46019?
4
What is the tens digit of 2427?
2
What is the units digit of 15647?
7
What is the hundreds digit of 505?
5
What is the thousands digit of 65110?
5
What is the units digit of 206?
6
What is the hundreds digit of 1154?
1
What is the hundreds digit of 209?
2
What is the units digit of 25?
5
What is the hundreds digit of 33849?
8
What is the thousands digit of 1662?
1
What is the tens digit of 6942?
4
What is the units digit of 145029?
9
What is the hundreds digit of 8847?
8
What is the hundreds digit of 4233?
2
What is the hundreds digit of 18679?
6
What is the hundreds digit of 90312?
3
What is the units digit of 59?
9
What is the ten thousands digit of 17117?
1
What is the thousands digit of 10250?
0
What is the thousands digit of 83935?
3
What is the units digit of 8?
8
What is the thousands digit of 4564?
4
What is the units digit of 27944?
4
What is the tens digit of 5192?
9
What is the units digit of 1424?
4
What is the units digit of 53162?
2
What is the tens digit of 3354?
5
What is the thousands digit of 24262?
4
What is the hundreds digit of 1177?
1
What is the thousands digit of 2013?
2
What is the tens digit of 215?
1
What is the thousands digit of 6347?
6
What is the tens digit of 1543?
4
What is the units digit of 70714?
4
What is the hundreds digit of 110078?
0
What is the thousands digit of 45240?
5
What is the thousands digit of 8911?
8
What is the units digit of 316?
6
What is the hundreds digit of 5606?
6
What is the units digit of 865?
5
What is the units digit of 5116?
6
What is the units digit of 102134?
4
What is the units digit of 12876?
6
What is the hundreds digit of 690?
6
What is the ten thousands digit of 109702?
0
What is the ten thousands digit of 77448?
7
What is the units digit of 53750?
0
What is the thousands digit of 69495?
9
What is the units digit of 3809?
9
What is the thousands digit of 2808?
2
What is the units digit of 2230?
0
What is the tens digit of 31114?
1
What is the tens digit of 3908?
0
What is the units digit of 20?
0
What is the units digit of 4414?
4
What is the hundreds digit of 3143?
1
What is the tens digit of 10873?
7
What is the hundreds digit of 6321?
3
What is the ten thousands digit of 31188?
3
What is the thousands digit of 5292?
5
What is the hundreds digit of 2895?
8
What is the ten thousands digit of 58787?
5
What is the units digit of 18856?
6
What is the hundreds digit of 22304?
3
What is the tens digit of 3765?
6
What is the units digit of 850?
0
What is the units digit of 17140?
0
What is the units digit of 831?
1
What is the ten thousands digit of 13079?
1
What is the units digit of 9024?
4
What is the thousands digit of 6050?
6
What is the hundreds digit of 1035?
0
What is the hundreds digit of 103804?
8
What is the units digit of 8978?
8
What is the units digit of 6911?
1
What is the thousands digit of 9723?
9
What is the hundreds digit of 722?
7
What is the hundreds digit of 859?
8
What is the tens digit of 1316?
1
What is the units digit of 93?
3
What is the ten thousands digit of 16333?
1
What is the hundreds digit of 571?
5
What is the units digit of 10400?
0
What is the units digit of 9892?
2
What is the hundreds digit of 1791?
7
What is the units digit of 478?
8
What is the thousands digit of 55459?
5
What is the units digit of 978?
8
What is the thousands digit of 9738?
9
What is the hundreds digit of 1009?
0
What is the tens digit of 2587?
8
What is the units digit of 98614?
4
What is the units digit of 401?
1
What is the tens digit of 8031?
3
What is the units digit of 25518?
8
What is the ten thousands digit of 12181?
1
What is the ten thousands digit of 55387?
5
What is the thousands digit of 2501?
2
What is the tens digit of 5468?
6
What is the hundreds digit of 36525?
5
What is the hundreds digit of 54859?
8
What is the units digit of 872?
2
What is the hundreds digit of 1025?
0
What is the thousands digit of 166672?
6
What is the units digit of 6?
6
What is the thousands digit of 1001?
1
What is the tens digit of 69670?
7
What is the hundred thousands digit of 128285?
1
What is the tens digit of 851?
5
What is the tens digit of 2459?
5
What is the tens digit of 953?
5
What is the thousands digit of 37590?
7
What is the units digit of 241?
1
What is the thousands digit of 85282?
5
What is the hundreds digit of 51842?
8
What is the hundreds digit of 257?
2
What is the units digit of 3272?
2
What is the tens digit of 1972?
7
What is the units digit of 750?
0
What is the units digit of 4004?
4
What is the units digit of 2444?
4
What is the thousands digit of 2658?
2
What is the hundreds digit of 1449?
4
What is the tens digit of 77505?
0
What is the units digit of 1477?
7
What is the tens digit of 2242?
4
What is the units digit of 11220?
0
What is the units digit of 826?
6
What is the tens digit of 1871?
7
What is the hundreds digit of 9467?
4
What is the hundreds digit of 130093?
0
What is the thousands digit of 3340?
3
What is the hundreds digit of 82956?
9
What is the ten thousands digit of 12989?
1
What is the tens digit of 109?
0
What is the tens digit of 15676?
7
What is the ten thousands digit of 15847?
1
What is the tens digit of 39?
3
What is the hundreds digit of 20322?
3
What is the units digit of 138458?
8
What is the thousands digit of 7083?
7
What is the ten thousands digit of 10631?
1
What is the hundreds digit of 1034?
0
What is the tens digit of 61295?
9
What is the units digit of 1244?
4
What is the hundreds digit of 582?
5
What is the tens digit of 22563?
6
What is the hundreds digit of 981?
9
What is the tens digit of 1229?
2
What is the tens digit of 8838?
3
What is the hundreds digit of 64274?
2
What is the ten thousands digit of 44610?
4
What is the tens digit of 2172?
7
What is the units digit of 645?
5
What is the units digit of 41331?
1
What is the thousands digit of 1426?
1
What is the hundreds digit of 5377?
3
What is the units digit of 2401?
1
What is the thousands digit of 10458?
0
What is the tens digit of 9770?
7
What is the thousands digit of 3774?
3
What is the units digit of 15122?
2
What is the thousands digit of 2612?
2
What is the tens digit of 1855?
5
What is the units digit of 678?
8
What is the thousands digit of 23016?
3
What is the units digit of 109692?
2
What is the hundred thousands digit of 116831?
1
What is the hundreds digit of 376?
3
What is the hundreds digit of 1517?
5
What is the ten thousands digit of 16831?
1
What is the tens digit of 13725?
2
What is the thousands digit of 24926?
4
What is the tens digit of 182058?
5
What is the units digit of 28140?
0
What is the hundreds digit of 1514?
5
What is the tens digit of 3755?
5
What is the thousands digit of 5665?
5
What is the units digit of 2087?
7
What is the units digit of 7240?
0
What is the thousands digit of 42073?
2
What is the units digit of 42759?
9
What is the ten thousands digit of 124794?
2
What is the ten thousands digit of 11775?
1
What is the ten thousands digit of 79377?
7
What is the thousands digit of 30065?
0
What is the units digit of 25911?
1
What is the hundreds digit of 22421?
4
What is the tens digit of 2139?
3
What is the tens digit of 258?
5
What is the units digit of 4392?
2
What is the hundreds digit of 36423?
4
What is the tens digit of 5848?
4
What is the hundreds digit of 2589?
5
What is the tens digit of 404?
0
What is the tens digit of 554?
5
What is the hundreds digit of 899?
8
What is the hundreds digit of 3534?
5
What is the ten thousands digit of 21863?
2
What is the tens digit of 2022?
2
What is the hundreds digit of 64464?
4
What is the thousands digit of 22759?
2
What is the units digit of 6387?
7
What is the hundreds digit of 3071?
0
What is the thousands digit of 3483?
3
What is the tens digit of 8317?
1
What is the hundreds digit of 18438?
4
What is the tens digit of 730?
3
What is the tens digit of 12423?
2
What is the units digit of 53388?
8
What is the te